{"id":67,"date":"2024-10-29T16:21:10","date_gmt":"2024-10-29T16:21:10","guid":{"rendered":"https:\/\/taramis.es\/?page_id=67"},"modified":"2025-10-07T15:43:38","modified_gmt":"2025-10-07T15:43:38","slug":"contacte","status":"publish","type":"page","link":"https:\/\/taramis.es\/index.php\/contacte\/","title":{"rendered":"Contacte"},"content":{"rendered":"\n<p class=\"has-text-align-center\">A <strong>Taramis<\/strong> posem a la teva disposici\u00f3 un espai de contacte directe amb el nostre equip professional perqu\u00e8 puguis comunicar-te amb nosaltres de manera r\u00e0pida i senzilla. Sabem que cada empresa \u00e9s \u00fanica i requereix una atenci\u00f3 personalitzada, per aix\u00f2 treballem per oferir-te solucions adaptades a les necessitats jur\u00eddiques espec\u00edfiques del teu negoci.<\/p>\n\n\n\n<p>El nostre equip d\u2019advocats i assessors t\u2019escoltar\u00e0 amb atenci\u00f3 per entendre la teva situaci\u00f3 i oferir-te la millor resposta possible, ja sigui per resoldre dubtes, sol\u00b7licitar informaci\u00f3 o coordinar una reuni\u00f3.<\/p>\n\n\n\n<p class=\"has-text-align-center\">A <strong>Taramis<\/strong>, valorem la confian\u00e7a i la transpar\u00e8ncia com a pilars fonamentals de la nostra relaci\u00f3 amb els clients. Per aix\u00f2, t\u2019assegurem un tracte proper, \u00e0gil i comprom\u00e8s, amb la finalitat de garantir que trobis el suport legal que realment necessites en cada moment.<\/p>\n\n\n\n<div class=\"wp-block-buttons alignwide is-content-justification-center is-layout-flex wp-container-core-buttons-is-layout-16018d1d wp-block-buttons-is-layout-flex\">\n<div class=\"wp-block-button\"><a class=\"wp-block-button__link has-text-align-center wp-element-button\">M\u00e9s informaci\u00f3<\/a><\/div>\n<\/div>\n\n\n\n<div class=\"wp-block-media-text is-stacked-on-mobile\"><figure class=\"wp-block-media-text__media\"><img loading=\"lazy\" decoding=\"async\" width=\"500\" height=\"375\" src=\"https:\/\/taramis.es\/wp-content\/uploads\/2024\/10\/Pagina-principal-1-edited.png\" alt=\"Assessor y cliente estrech\u00e1ndose la mano\" class=\"wp-image-74 size-full\" srcset=\"https:\/\/taramis.es\/wp-content\/uploads\/2024\/10\/Pagina-principal-1-edited.png 500w, https:\/\/taramis.es\/wp-content\/uploads\/2024\/10\/Pagina-principal-1-edited-300x225.png 300w\" sizes=\"auto, (max-width: 500px) 100vw, 500px\" \/><\/figure><div class=\"wp-block-media-text__content\">\n<p class=\"has-medium-font-size\"><strong>Tracte proper i solucions adaptades per al teu negoci<\/strong><\/p>\n\n\n\n<p class=\"has-small-font-size\">A Taramis treballem des de la proximitat i la confian\u00e7a per oferir-te solucions adaptades a les necessitats jur\u00eddiques del teu negoci. El nostre equip d\u2019advocats combina experi\u00e8ncia i comprom\u00eds per proporcionar-te assessorament clar, eficient i personalitzat, ajudant-te a protegir i fer cr\u00e9ixer la teva empresa amb total seguretat.<\/p>\n<\/div><\/div>\n\n\n<div class=\"wpforms-container wpforms-container-full wpforms-block wpforms-block-b20e887b-ed2c-4a39-b2db-94a81896939a wpforms-render-modern\" id=\"wpforms-132\"><form id=\"wpforms-form-132\" class=\"wpforms-validate wpforms-form wpforms-ajax-form\" data-formid=\"132\" method=\"post\" enctype=\"multipart\/form-data\" action=\"\/index.php\/wp-json\/wp\/v2\/pages\/67\" data-token=\"8c732d0ec2db75c77baee14d6041ffb5\" data-token-time=\"1775289314\"><noscript class=\"wpforms-error-noscript\">Por favor, activa JavaScript en tu navegador para completar este formulario.<\/noscript><div id=\"wpforms-error-noscript\" style=\"display: none;\">Por favor, activa JavaScript en tu navegador para completar este formulario.<\/div><div class=\"wpforms-field-container\">\t\t<div id=\"wpforms-132-field_4-container\"\n\t\t\tclass=\"wpforms-field wpforms-field-text\"\n\t\t\tdata-field-type=\"text\"\n\t\t\tdata-field-id=\"4\"\n\t\t\t>\n\t\t\t<label class=\"wpforms-field-label\" for=\"wpforms-132-field_4\" >Nom electr\u00f2nic Missatge<\/label>\n\t\t\t<input type=\"text\" id=\"wpforms-132-field_4\" class=\"wpforms-field-medium\" name=\"wpforms[fields][4]\" >\n\t\t<\/div>\n\t\t<div id=\"wpforms-132-field_1-container\" class=\"wpforms-field wpforms-field-name\" data-field-id=\"1\"><fieldset><legend class=\"wpforms-field-label\">Nom <span class=\"wpforms-required-label\" aria-hidden=\"true\">*<\/span><\/legend><div class=\"wpforms-field-row wpforms-field-medium\"><div class=\"wpforms-field-row-block wpforms-first wpforms-one-half\"><input type=\"text\" id=\"wpforms-132-field_1\" class=\"wpforms-field-name-first wpforms-field-required\" name=\"wpforms[fields][1][first]\" aria-errormessage=\"wpforms-132-field_1-error\" required><label for=\"wpforms-132-field_1\" class=\"wpforms-field-sublabel after wpforms-sublabel-hide\">Nombre<\/label><\/div><div class=\"wpforms-field-row-block wpforms-one-half\"><input type=\"text\" id=\"wpforms-132-field_1-last\" class=\"wpforms-field-name-last wpforms-field-required\" name=\"wpforms[fields][1][last]\" aria-errormessage=\"wpforms-132-field_1-last-error\" required><label for=\"wpforms-132-field_1-last\" class=\"wpforms-field-sublabel after wpforms-sublabel-hide\">Apellidos<\/label><\/div><\/div><\/fieldset><\/div><div id=\"wpforms-132-field_2-container\" class=\"wpforms-field wpforms-field-email\" data-field-id=\"2\"><label class=\"wpforms-field-label\" for=\"wpforms-132-field_2\">Correu electr\u00f2nic <span class=\"wpforms-required-label\" aria-hidden=\"true\">*<\/span><\/label><input type=\"email\" id=\"wpforms-132-field_2\" class=\"wpforms-field-medium wpforms-field-required\" name=\"wpforms[fields][2]\" spellcheck=\"false\" aria-errormessage=\"wpforms-132-field_2-error\" required><\/div><div id=\"wpforms-132-field_3-container\" class=\"wpforms-field wpforms-field-textarea\" data-field-id=\"3\"><label class=\"wpforms-field-label\" for=\"wpforms-132-field_3\">Missatge <span class=\"wpforms-required-label\" aria-hidden=\"true\">*<\/span><\/label><textarea id=\"wpforms-132-field_3\" class=\"wpforms-field-medium wpforms-field-required\" name=\"wpforms[fields][3]\" aria-errormessage=\"wpforms-132-field_3-error\" required><\/textarea><\/div><script>\n\t\t\t\t( function() {\n\t\t\t\t\tconst style = document.createElement( 'style' );\n\t\t\t\t\tstyle.appendChild( document.createTextNode( '#wpforms-132-field_4-container { position: absolute !important; overflow: hidden !important; display: inline !important; height: 1px !important; width: 1px !important; z-index: -1000 !important; padding: 0 !important; } #wpforms-132-field_4-container input { visibility: hidden; } #wpforms-conversational-form-page #wpforms-132-field_4-container label { counter-increment: none; }' ) );\n\t\t\t\t\tdocument.head.appendChild( style );\n\t\t\t\t\tdocument.currentScript?.remove();\n\t\t\t\t} )();\n\t\t\t<\/script><\/div><!-- .wpforms-field-container --><div class=\"wpforms-submit-container\" ><input type=\"hidden\" name=\"wpforms[id]\" value=\"132\"><input type=\"hidden\" name=\"page_title\" value=\"\"><input type=\"hidden\" name=\"page_url\" value=\"https:\/\/taramis.es\/index.php\/wp-json\/wp\/v2\/pages\/67\"><input type=\"hidden\" name=\"url_referer\" value=\"\"><button type=\"submit\" name=\"wpforms[submit]\" id=\"wpforms-submit-132\" class=\"wpforms-submit\" data-alt-text=\"Enviando...\" data-submit-text=\"Enviar\" aria-live=\"assertive\" value=\"wpforms-submit\">Enviar<\/button><img loading=\"lazy\" decoding=\"async\" src=\"https:\/\/taramis.es\/wp-content\/plugins\/wpforms-lite\/assets\/images\/submit-spin.svg\" class=\"wpforms-submit-spinner\" style=\"display: none;\" width=\"26\" height=\"26\" alt=\"Cargando\"><\/div><\/form><\/div>  <!-- .wpforms-container -->","protected":false},"excerpt":{"rendered":"<p>A Taramis posem a la teva disposici\u00f3 un espai de contacte directe amb el nostre equip professional perqu\u00e8 puguis comunicar-te amb nosaltres de manera r\u00e0pida i senzilla. Sabem que cada empresa \u00e9s \u00fanica i requereix una atenci\u00f3 personalitzada, per aix\u00f2 treballem per oferir-te solucions adaptades a les necessitats jur\u00eddiques espec\u00edfiques del teu negoci. El nostre [&hellip;]<\/p>\n","protected":false},"author":1,"featured_media":0,"parent":0,"menu_order":0,"comment_status":"closed","ping_status":"closed","template":"","meta":{"footnotes":""},"class_list":["post-67","page","type-page","status-publish","hentry"],"yoast_head":"<!-- This site is optimized with the Yoast SEO plugin v26.0 - https:\/\/yoast.com\/wordpress\/plugins\/seo\/ -->\n<title>Contacte - Taramis Solucions Adaptades al teu negoci<\/title>\n<meta name=\"description\" content=\"A Taramis oferim assessoria jur\u00eddica per empreses amb solucions adaptades a cada necessitat. Confian\u00e7a i comprom\u00eds pel teu negoci.\" \/>\n<meta name=\"robots\" content=\"index, follow, max-snippet:-1, max-image-preview:large, max-video-preview:-1\" \/>\n<link rel=\"canonical\" href=\"https:\/\/taramis.es\/index.php\/contacte\/\" \/>\n<meta property=\"og:locale\" content=\"es_ES\" \/>\n<meta property=\"og:type\" content=\"article\" \/>\n<meta property=\"og:title\" content=\"Contacte - Taramis Solucions Adaptades al teu negoci\" \/>\n<meta property=\"og:description\" content=\"A Taramis oferim assessoria jur\u00eddica per empreses amb solucions adaptades a cada necessitat. Confian\u00e7a i comprom\u00eds pel teu negoci.\" \/>\n<meta property=\"og:url\" content=\"https:\/\/taramis.es\/index.php\/contacte\/\" \/>\n<meta property=\"article:modified_time\" content=\"2025-10-07T15:43:38+00:00\" \/>\n<meta property=\"og:image\" content=\"https:\/\/taramis.es\/wp-content\/uploads\/2024\/10\/Pagina-principal-1-edited.png\" \/>\n\t<meta property=\"og:image:width\" content=\"500\" \/>\n\t<meta property=\"og:image:height\" content=\"375\" \/>\n\t<meta property=\"og:image:type\" content=\"image\/png\" \/>\n<meta name=\"twitter:card\" content=\"summary_large_image\" \/>\n<meta name=\"twitter:label1\" content=\"Tiempo de lectura\" \/>\n\t<meta name=\"twitter:data1\" content=\"2 minutos\" \/>\n<script type=\"application\/ld+json\" class=\"yoast-schema-graph\">{\"@context\":\"https:\/\/schema.org\",\"@graph\":[{\"@type\":\"WebPage\",\"@id\":\"https:\/\/taramis.es\/index.php\/contacte\/\",\"url\":\"https:\/\/taramis.es\/index.php\/contacte\/\",\"name\":\"Contacte - Taramis Solucions Adaptades al teu negoci\",\"isPartOf\":{\"@id\":\"https:\/\/taramis.es\/#website\"},\"primaryImageOfPage\":{\"@id\":\"https:\/\/taramis.es\/index.php\/contacte\/#primaryimage\"},\"image\":{\"@id\":\"https:\/\/taramis.es\/index.php\/contacte\/#primaryimage\"},\"thumbnailUrl\":\"https:\/\/taramis.es\/wp-content\/uploads\/2024\/10\/Pagina-principal-1-edited.png\",\"datePublished\":\"2024-10-29T16:21:10+00:00\",\"dateModified\":\"2025-10-07T15:43:38+00:00\",\"description\":\"A Taramis oferim assessoria jur\u00eddica per empreses amb solucions adaptades a cada necessitat. Confian\u00e7a i comprom\u00eds pel teu negoci.\",\"breadcrumb\":{\"@id\":\"https:\/\/taramis.es\/index.php\/contacte\/#breadcrumb\"},\"inLanguage\":\"es\",\"potentialAction\":[{\"@type\":\"ReadAction\",\"target\":[\"https:\/\/taramis.es\/index.php\/contacte\/\"]}]},{\"@type\":\"ImageObject\",\"inLanguage\":\"es\",\"@id\":\"https:\/\/taramis.es\/index.php\/contacte\/#primaryimage\",\"url\":\"https:\/\/taramis.es\/wp-content\/uploads\/2024\/10\/Pagina-principal-1-edited.png\",\"contentUrl\":\"https:\/\/taramis.es\/wp-content\/uploads\/2024\/10\/Pagina-principal-1-edited.png\",\"width\":500,\"height\":375,\"caption\":\"Assessor y cliente estrech\u00e1ndose la mano\"},{\"@type\":\"BreadcrumbList\",\"@id\":\"https:\/\/taramis.es\/index.php\/contacte\/#breadcrumb\",\"itemListElement\":[{\"@type\":\"ListItem\",\"position\":1,\"name\":\"Portada\",\"item\":\"https:\/\/taramis.es\/\"},{\"@type\":\"ListItem\",\"position\":2,\"name\":\"Contacte\"}]},{\"@type\":\"WebSite\",\"@id\":\"https:\/\/taramis.es\/#website\",\"url\":\"https:\/\/taramis.es\/\",\"name\":\"taramis.es\",\"description\":\"Advocats per la teva empresa\",\"publisher\":{\"@id\":\"https:\/\/taramis.es\/#organization\"},\"potentialAction\":[{\"@type\":\"SearchAction\",\"target\":{\"@type\":\"EntryPoint\",\"urlTemplate\":\"https:\/\/taramis.es\/?s={search_term_string}\"},\"query-input\":{\"@type\":\"PropertyValueSpecification\",\"valueRequired\":true,\"valueName\":\"search_term_string\"}}],\"inLanguage\":\"es\"},{\"@type\":\"Organization\",\"@id\":\"https:\/\/taramis.es\/#organization\",\"name\":\"Taramis\",\"url\":\"https:\/\/taramis.es\/\",\"logo\":{\"@type\":\"ImageObject\",\"inLanguage\":\"es\",\"@id\":\"https:\/\/taramis.es\/#\/schema\/logo\/image\/\",\"url\":\"https:\/\/taramis.es\/wp-content\/uploads\/2024\/11\/cropped-TARAMIS-LOGO-1-1.png\",\"contentUrl\":\"https:\/\/taramis.es\/wp-content\/uploads\/2024\/11\/cropped-TARAMIS-LOGO-1-1.png\",\"width\":240,\"height\":160,\"caption\":\"Taramis\"},\"image\":{\"@id\":\"https:\/\/taramis.es\/#\/schema\/logo\/image\/\"}}]}<\/script>\n<!-- \/ Yoast SEO plugin. -->","yoast_head_json":{"title":"Contacte - Taramis Solucions Adaptades al teu negoci","description":"A Taramis oferim assessoria jur\u00eddica per empreses amb solucions adaptades a cada necessitat. Confian\u00e7a i comprom\u00eds pel teu negoci.","robots":{"index":"index","follow":"follow","max-snippet":"max-snippet:-1","max-image-preview":"max-image-preview:large","max-video-preview":"max-video-preview:-1"},"canonical":"https:\/\/taramis.es\/index.php\/contacte\/","og_locale":"es_ES","og_type":"article","og_title":"Contacte - Taramis Solucions Adaptades al teu negoci","og_description":"A Taramis oferim assessoria jur\u00eddica per empreses amb solucions adaptades a cada necessitat. Confian\u00e7a i comprom\u00eds pel teu negoci.","og_url":"https:\/\/taramis.es\/index.php\/contacte\/","article_modified_time":"2025-10-07T15:43:38+00:00","og_image":[{"width":500,"height":375,"url":"https:\/\/taramis.es\/wp-content\/uploads\/2024\/10\/Pagina-principal-1-edited.png","type":"image\/png"}],"twitter_card":"summary_large_image","twitter_misc":{"Tiempo de lectura":"2 minutos"},"schema":{"@context":"https:\/\/schema.org","@graph":[{"@type":"WebPage","@id":"https:\/\/taramis.es\/index.php\/contacte\/","url":"https:\/\/taramis.es\/index.php\/contacte\/","name":"Contacte - Taramis Solucions Adaptades al teu negoci","isPartOf":{"@id":"https:\/\/taramis.es\/#website"},"primaryImageOfPage":{"@id":"https:\/\/taramis.es\/index.php\/contacte\/#primaryimage"},"image":{"@id":"https:\/\/taramis.es\/index.php\/contacte\/#primaryimage"},"thumbnailUrl":"https:\/\/taramis.es\/wp-content\/uploads\/2024\/10\/Pagina-principal-1-edited.png","datePublished":"2024-10-29T16:21:10+00:00","dateModified":"2025-10-07T15:43:38+00:00","description":"A Taramis oferim assessoria jur\u00eddica per empreses amb solucions adaptades a cada necessitat. Confian\u00e7a i comprom\u00eds pel teu negoci.","breadcrumb":{"@id":"https:\/\/taramis.es\/index.php\/contacte\/#breadcrumb"},"inLanguage":"es","potentialAction":[{"@type":"ReadAction","target":["https:\/\/taramis.es\/index.php\/contacte\/"]}]},{"@type":"ImageObject","inLanguage":"es","@id":"https:\/\/taramis.es\/index.php\/contacte\/#primaryimage","url":"https:\/\/taramis.es\/wp-content\/uploads\/2024\/10\/Pagina-principal-1-edited.png","contentUrl":"https:\/\/taramis.es\/wp-content\/uploads\/2024\/10\/Pagina-principal-1-edited.png","width":500,"height":375,"caption":"Assessor y cliente estrech\u00e1ndose la mano"},{"@type":"BreadcrumbList","@id":"https:\/\/taramis.es\/index.php\/contacte\/#breadcrumb","itemListElement":[{"@type":"ListItem","position":1,"name":"Portada","item":"https:\/\/taramis.es\/"},{"@type":"ListItem","position":2,"name":"Contacte"}]},{"@type":"WebSite","@id":"https:\/\/taramis.es\/#website","url":"https:\/\/taramis.es\/","name":"taramis.es","description":"Advocats per la teva empresa","publisher":{"@id":"https:\/\/taramis.es\/#organization"},"potentialAction":[{"@type":"SearchAction","target":{"@type":"EntryPoint","urlTemplate":"https:\/\/taramis.es\/?s={search_term_string}"},"query-input":{"@type":"PropertyValueSpecification","valueRequired":true,"valueName":"search_term_string"}}],"inLanguage":"es"},{"@type":"Organization","@id":"https:\/\/taramis.es\/#organization","name":"Taramis","url":"https:\/\/taramis.es\/","logo":{"@type":"ImageObject","inLanguage":"es","@id":"https:\/\/taramis.es\/#\/schema\/logo\/image\/","url":"https:\/\/taramis.es\/wp-content\/uploads\/2024\/11\/cropped-TARAMIS-LOGO-1-1.png","contentUrl":"https:\/\/taramis.es\/wp-content\/uploads\/2024\/11\/cropped-TARAMIS-LOGO-1-1.png","width":240,"height":160,"caption":"Taramis"},"image":{"@id":"https:\/\/taramis.es\/#\/schema\/logo\/image\/"}}]}},"_links":{"self":[{"href":"https:\/\/taramis.es\/index.php\/wp-json\/wp\/v2\/pages\/67","targetHints":{"allow":["GET"]}}],"collection":[{"href":"https:\/\/taramis.es\/index.php\/wp-json\/wp\/v2\/pages"}],"about":[{"href":"https:\/\/taramis.es\/index.php\/wp-json\/wp\/v2\/types\/page"}],"author":[{"embeddable":true,"href":"https:\/\/taramis.es\/index.php\/wp-json\/wp\/v2\/users\/1"}],"replies":[{"embeddable":true,"href":"https:\/\/taramis.es\/index.php\/wp-json\/wp\/v2\/comments?post=67"}],"version-history":[{"count":11,"href":"https:\/\/taramis.es\/index.php\/wp-json\/wp\/v2\/pages\/67\/revisions"}],"predecessor-version":[{"id":181,"href":"https:\/\/taramis.es\/index.php\/wp-json\/wp\/v2\/pages\/67\/revisions\/181"}],"wp:attachment":[{"href":"https:\/\/taramis.es\/index.php\/wp-json\/wp\/v2\/media?parent=67"}],"curies":[{"name":"wp","href":"https:\/\/api.w.org\/{rel}","templated":true}]}}